 factors of t(s).
2
Let m(r) = -r**3 + 6*r**2 - 2*r - 7. Let v be m(5). Let n(g) = -g**2 + 11*g - 7. Let a be n(v). Let o = a - 9. What are the prime factors of o?
2
Suppose 2*j + 380 = 7*j. Let u be (3/2)/(3/j). Suppose -2*w + u = 4*y, 5*w + 7 = -y + 30. What are the prime factors of y?
2
Let t(g) = g**3 - 6*g**2 - 5*g - 6. Let u be t(7). Let d = -2 + u. What are the prime factors of d?
2, 3
Let g(j) = -5*j**2 + 5*j. Let h(n) = 14*n**2 - 15*n. Let s(z) = 17*g(z) + 6*h(z). Let k be s(-5). Suppose k = 2*a - 13 - 3. What are the prime factors of a?
2
Let p(h) = h**2 + 7*h - 8. Let d be p(-8). Let w(q) = q**3 - q**2 + 12. What are the prime factors of w(d)?
2, 3
Suppose -5*r - 2 = -17. Suppose 3*b - 19 = 2*t + 14, -t = -r. What are the prime factors of b?
13
Suppose -2*h = -7*h - 3*r + 97, 3*r + 43 = 2*h. What are the prime factors of h?
2, 5
Let a = -5 - -4. Let v = 11 + a. What are the prime factors of v?
2, 5
Let p(q) = -4*q - 16. Let f be p(-12). Suppose 2*s = 3*r + f, 0*s - s + 5*r = -30. What are the prime factors of s?
2, 5
Let i = -192 + 362. Suppose -4*l = l - i. What are the prime factors of l?
2, 17
Let n(m) be the second derivative of m**4/12 + 17*m**3/6 + 25*m**2/2 - 7*m. List the prime factors of n(-18).
43
Let o be 44/(-2)*2/(-2). Let j = o - 11. Suppose j = -d + 2*d. List the prime factors of d.
11
Let w = 59 + -27. What are the prime factors of w?
2
Let d(w) = -11*w + 2. Let m be d(5). Let p = m - -31. What are the prime factors of (-1)/(-4) - p/8?
3
Suppose 4*b - 12 = -2*m, b - 5*m + 16 = -3*b. Let g be 0/b*3/6. Let l = g - -4. What are the prime factors of l?
2
Suppose -5*o + 2*o = 0. Suppose o*r - 3*r + 15 = 0. List the prime factors of r.
5
List the prime factors of (-1180)/(-4) - (4 - 1).
2, 73
Let n be 16/6 - 2/(-6). Suppose 2*y - 5*p + 16 = -y, -4*y - 4*p = -32. Suppose 4*z = -n*g + 34, -y*g + 15 = -g - 5*z. What are the prime factors of g?
2, 5
Let s = -166 + 286. Let q = s + -80. List the prime factors of q.
2, 5
Suppose i = -i + 8. Suppose 0 = -0*x + x - i. Suppose 2 = -x*l + 26. List the prime factors of l.
2, 3
Let l(x) = 3 + 0 - 4 - 1 - 3*x. What are the prime factors of l(-4)?
2, 5
Let m(i) = 34*i + 6. List the prime factors of m(7).
2, 61
Let k(v) = -8*v - 5. List the prime factors of k(-3).
19
What are the prime factors of -2*(-2 - (-141)/(-6))?
3, 17
Let x(f) be the second derivative of -3*f + 5/2*f**2 + 0 - 5/6*f**3 + 1/12*f**4. What are the prime factors of x(6)?
11
Let h be 5*7*(-4)/10. Let s = -9 - h. Suppose s*l + 2*j - 4 = 0, -3*j + 4*j = -4*l + 5. What are the prime factors of l?
2
Suppose 0 = l + u - 4*u - 60, 0 = u + 2. What are the prime factors of l?
2, 3
Let h(k) = k. Let j be h(0). Suppose 16 = 3*i + p, 0 = 5*i - j*p - p - 40. List the prime factors of i.
7
List the prime factors of (-2)/(-3)*90/20.
3
Let x be (-3)/(-15) + (-49)/(-5). List the prime factors of (-16)/20*x/(-4).
2
Suppose -4*d + 67 = 3. Suppose -4*c + 2*c + d = 0. List the prime factors of c.
2
Let p(i) = -8*i**3 - i - 2. List the prime factors of p(-2).
2
Let r = 6 - 4. Let w(u) = -u**3 - 2*u**2 + 4*u + 3. Let b be w(-3). Suppose b = 3*q - y - 22, 2*q + y = -r*y + 33. List the prime factors of q.
3
Let f = -137 - -334. What are the prime factors of f?
197
Let m = 0 + 2. Suppose 0 = m*y - 6*y + 8. What are the prime factors of y?
2
Let h(b) = 2*b**2 - b + 3. What are the prime factors of h(4)?
31
Suppose 0 = -3*c - 15, -3*v + 75 + 134 = 2*c. List the prime factors of v.
73
Suppose 0 = -4*n + 22 + 26. Suppose 0 = 4*l - 3*l + 5, 1 = 3*c + l. Suppose -c*t = y - 0*t - n, 0 = y + 4*t - 16. List the prime factors of y.
2
List the prime factors of (-516)/(-108) + (-2)/(-9).
5
Let m(b) = 6*b**2 - b - 1. What are the prime factors of m(-1)?
2, 3
Let b be -1 - 28*3/6. Let r = b + 24. List the prime factors of r.
3
Let y = 5 - 6. What are the prime factors of (-3 - y - -1)*-12?
2, 3
Suppose 2*y = -0*y, 4*u - y = 668. What are the prime factors of u?
167
Suppose -3*p = -2*p - 12. Let j(m) = m**3 - 12*m**2 + m - 2. List the prime factors of j(p).
2, 5
Let b(p) = 85*p + 9. What are the prime factors of b(3)?
2, 3, 11
Let z = 165 + -121. What are the prime factors of z?
2, 11
Let h be (-6)/(-4)*(-3 - -5). Suppose -6 = -2*b, -4*u + b = -h*b. Let l = u - -9. List the prime factors of l.
2, 3
Let r(b) = 3*b**2 + 5*b + 7. Let j be r(-6). Suppose -2*t + j = 3*t. What are the prime factors of t?
17
List the prime factors of 5 + 27/(-6) + (-177)/(-2).
89
Suppose r - 274 = -2*n, -5*n + 1003 - 340 = -3*r. List the prime factors of n.
3, 5
Suppose 4*h + 4*c = 812, -5*h = -0*c - 2*c - 1001. List the prime factors of h.
3, 67
Let x(z) = z**2 + z + 1. Suppose -15 = 6*q - 11*q. What are the prime factors of x(q)?
13
List the prime factors of 3386/10 + (-2)/(-5).
3, 113
Let f(a) = -a**3 - a**2 + a - 3. List the prime factors of f(-4).
41
Let t(w) = -w**2 + 5*w. Let k be t(5). Suppose k = 4*p - 5 - 7. What are the prime factors of p?
3
Let c(o) = o**2 - 17*o - 17. List the prime factors of c(24).
151
Let t(d) = 3*d**2 + 3*d + 4. Let v be ((-4)/6)/(3/18). Let c be t(v). Suppose 3*g + 7 = c. What are the prime factors of g?
11
Let y = -162 - -268. Suppose 0 = -5*g + 69 + y. What are the prime factors of g?
5, 7
Suppose 0 = 3*c + 6 - 0. Let s = -3 + c. Let f = s + 7. What are the prime factors of f?
2
Let h(w) = -4 - 2*w + 3*w + 49. Let l be h(0). Suppose -6*j = -j - l. List the prime factors of j.
3
Let i = -104 - -165. What are the prime factors of i?
61
Let o = -74 + 134. Suppose o = 5*d - 50. List the prime factors of d.
2, 11
Suppose 0 = -t + 5*h - 3, 0 = 2*t - h - 3. Let c(s) = -3*s + 4*s - 4*s + t*s. What are the prime factors of c(-6)?
2, 3
Let l = -82 + 125. Let u = -7 + l. List the prime factors of u.
2, 3
Let r(k) = 27*k**2 - k - 1. List the prime factors of r(-1).
3
List the prime factors of 23 + (6 - 12/4).
2, 13
Let n(y) = -3*y**2 - 2*y - 2. Let c be n(-2). Let v = c - -16. List the prime factors of v.
2, 3
Suppose 5*z - 1 = 14. Suppose 0 = -k + z*k - 14. What are the prime factors of k?
7
Suppose -i + 10 = 5*u - 24, u - 3*i = -6. List the prime factors of u/(-9)*-9 + -3.
3
Let c(b) be the first derivative of b**4/4 + 5*b**3/3 - 3*b**2 - 7*b - 4. List the prime factors of c(-5).
23
Let c = 6 - 11. Let f(t) be the third derivative of -t**4/12 - t**3 - t**2. What are the prime factors of f(c)?
2
Let k be ((-84)/10)/((-9)/45). Suppose 6*m - k = 4*m. What are the prime factors of m?
3, 7
Suppose 865 = 2*j + 3*j. What are the prime factors of j?
173
Let n(b) be the first derivative of b**3/3 - b**2 - 4*b + 1. List the prime factors of n(5).
11
Let p = 57 + -30. What are the prime factors of p?
3
Let a be ((-6)/9)/((-4)/(-24)). What are the prime factors of 1/a + 305/20?
3, 5
Let m(f) = -8*f + 4*f + 0 - 8 + f**2. Let b be m(6). Suppose 4*i + 6 = -u - 0, b*i - 12 = -4*u. List the prime factors of u.
2, 3
Let i = 21 + 17. List the prime factors of i.
2, 19
Let t(k) = 1 - 5 + k + 1. Let n be t(2). What are the prime factors of n - -3 - (1 - 4)?
5
Let x(f) = -f**2 - 3*f + 2. Let g(z) = z**3 + 2*z**2 - 2*z - 1. Let u be g(-2). Suppose 0 = -2*r - 0*r + 10, -u*r + 9 = 3*b. What are the prime factors of x(b)?
2
List the prime factors of (-14)/(-1) - (8 - 5).
11
List the prime factors of 3 + (-1281)/(-12) + 1/4.
2, 5, 11
Let l(c) = -c**2 + 10*c + 9. What are the prime factors of l(8)?
5
Suppose 3*i - 7 = -1. Suppose -4*j + i*h + 46 = 0, -5*j + 3*h + 45 = -14. Let p(k) = -k**2 + 11*k - 5. List the prime factors of p(j).
5
What are the prime factors of ((-9)/(-2))/(1/2)?
3
Let n(f) = 6*f - 5. Let l be n(2). Suppose -21 = -3*b - 2*w, -b - 2*w = 2*w - l. What are the prime factors of b?
7
Suppose 5*q - 26 = -3*g, 0 = -2*q - 5 + 13. Suppose -2*x + 21 - 1 = w, x - 16 = -g*w. What are the prime factors of x?
2
Let g(o) = 2*o - 1. Let p be g(3). Suppose 166 = p*x + 3*h, 7*x - 3*x - h - 126 = 0. List the prime factors of x.
2
Let d(f) = 7*f - 1. Let z = 5 - 4. List the prime factors of d(z).
2, 3
Suppose 2*n + 315 = 3*b, -4*b - n + 306 = -b. List the prime factors of b.
103
Let u = 12 - 14. Suppose -5*q - 3 = -13. List the prime factors of (q/u)/((-4)/8).
2
Let c(v) = 18*v**2 - 6*v - 2. What are the prime factors of c(3)?
2, 71
What are the prime factors of 8/(3 + 14/(-6))?